 and 957?
87
Calculate the highest common factor of 276 and 230.
46
Calculate the greatest common divisor of 194 and 6.
2
Calculate the highest common divisor of 9245 and 387.
43
What is the greatest common divisor of 56723 and 131?
131
Calculate the greatest common divisor of 728 and 91.
91
What is the greatest common divisor of 171 and 1596?
57
Calculate the highest common factor of 64 and 1808.
16
What is the highest common factor of 333 and 9?
9
What is the greatest common factor of 58 and 2?
2
Calculate the highest common divisor of 2106 and 18.
18
What is the highest common divisor of 1624 and 7192?
232
What is the highest common factor of 190 and 305?
5
Calculate the highest common factor of 152 and 19.
19
Calculate the greatest common factor of 275 and 110.
55
What is the greatest common factor of 35 and 685?
5
Calculate the greatest common factor of 960 and 4320.
480
Calculate the greatest common divisor of 480 and 320.
160
Calculate the highest common factor of 30 and 395.
5
Calculate the greatest common divisor of 14012 and 339.
113
Calculate the greatest common factor of 582 and 27645.
291
What is the highest common factor of 57 and 1425?
57
What is the greatest common divisor of 3696 and 196?
28
What is the highest common divisor of 16 and 656?
16
What is the highest common factor of 3174 and 6?
6
Calculate the highest common divisor of 6 and 1434.
6
Calculate the greatest common factor of 36 and 531.
9
What is the highest common factor of 405 and 225?
45
What is the highest common factor of 126 and 602?
14
Calculate the highest common divisor of 45 and 2550.
15
Calculate the greatest common divisor of 6 and 1202.
2
What is the greatest common divisor of 16 and 272?
16
What is the highest common factor of 85 and 527?
17
What is the highest common factor of 2 and 82?
2
What is the greatest common divisor of 1089 and 8833?
121
Calculate the highest common divisor of 2871 and 990.
99
What is the greatest common factor of 44 and 2233?
11
What is the highest common factor of 35 and 9695?
35
What is the greatest common factor of 690 and 4025?
115
What is the greatest common divisor of 2057 and 1309?
187
Calculate the greatest common factor of 32 and 2216.
8
Calculate the highest common divisor of 13 and 871.
13
What is the highest common factor of 344 and 8?
8
Calculate the highest common factor of 60 and 340.
20
What is the greatest common factor of 345 and 1305?
15
What is the highest common divisor of 1001 and 924?
77
Calculate the greatest common factor of 15 and 10440.
15
Calculate the greatest common divisor of 361 and 76.
19
What is the greatest common divisor of 52 and 2951?
13
What is the highest common factor of 90 and 315?
45
What is the greatest common factor of 32 and 240?
16
Calculate the highest common factor of 24 and 10440.
24
What is the highest common factor of 55 and 660?
55
What is the greatest common divisor of 2109 and 228?
57
Calculate the greatest common factor of 185 and 5.
5
Calculate the greatest common divisor of 24 and 1296.
24
What is the greatest common factor of 28 and 164?
4
Calculate the highest common factor of 21 and 35.
7
Calculate the highest common factor of 170 and 50.
10
Calculate the greatest common factor of 448 and 28.
28
What is the highest common factor of 66 and 1122?
66
What is the highest common factor of 1064 and 5776?
152
What is the highest common factor of 3120 and 30?
30
Calculate the highest common factor of 306 and 54.
18
What is the greatest common divisor of 45 and 1350?
45
What is the greatest common factor of 608 and 266?
38
What is the highest common divisor of 18 and 768?
6
Calculate the greatest common factor of 1088 and 1216.
64
What is the greatest common factor of 22507 and 71?
71
What is the greatest common divisor of 3678 and 30?
6
Calculate the highest common factor of 91 and 221.
13
What is the greatest common factor of 2395 and 1?
1
What is the greatest common factor of 294 and 756?
42
What is the greatest common factor of 124 and 279?
31
What is the greatest common divisor of 54 and 75?
3
Calculate the greatest common factor of 3971 and 38.
19
Calculate the highest common factor of 72 and 48.
24
Calculate the highest common divisor of 552 and 744.
24
What is the greatest common divisor of 5 and 20?
5
What is the highest common factor of 23 and 3?
1
Calculate the highest common divisor of 1405 and 4777.
281
Calculate the greatest common factor of 1165 and 5.
5
Calculate the highest common divisor of 1092 and 63.
21
What is the greatest common divisor of 4884 and 36?
12
Calculate the greatest common divisor of 742 and 212.
106
What is the greatest common factor of 17 and 68?
17
Calculate the highest common divisor of 95 and 779.
19
What is the highest common factor of 2002 and 3094?
182
Calculate the highest common divisor of 7399 and 98.
49
What is the highest common divisor of 667 and 3596?
29
What is the greatest common factor of 54 and 48?
6
Calculate the highest common divisor of 322 and 184.
46
Calculate the highest common divisor of 21 and 1407.
21
What is the highest common factor of 93 and 2883?
93
Calculate the highest common factor of 75 and 175.
25
What is the highest common factor of 12 and 568?
4
Calculate the highest common factor of 46 and 4922.
46
What is the highest common divisor of 55 and 70?
5
Calculate the highest common factor of 9472 and 74.
74
What is the greatest common factor of 1376 and 448?
32
Calculate the greatest common factor of 4074 and 21.
21
What is the greatest common factor of 52 and 8?
4
What is the highest common factor of 61 and 14152?
61
What is the greatest common divisor of 612 and 11220?
204
Calculate the greatest common factor of 8 and 3028.
4
Calculate the greatest common divisor of 189 and 28.
7
What is the highest common factor of 32 and 72?
8
What is the greatest common divisor of 171 and 9?
9
What is the greatest common divisor of 736 and 160?
32
What is the greatest common factor of 4150 and 50?
50
What is the greatest common factor of 195 and 169?
13
Calculate the greatest common factor of 11328 and 236.
236
What is the greatest common factor of 36 and 9612?
36
Calculate the highest common factor of 912 and 204.
12
What is the highest common divisor of 1968 and 24?
24
Calculate the highest common factor of 3886 and 603.
67
What is the highest common factor of 2788 and 476?
68
What is the greatest common divisor of 856 and 16?
8
What is the highest common factor of 1562 and 71?
71
Calculate the highest common factor of 406 and 28.
14
What is the greatest common divisor of 480 and 1248?
96
What is the greatest common divisor of 412 and 1339?
103
What is the greatest common divisor of 345 and 135?
15
Calculate the highest common divisor of 132 and 220.
44
What is the greatest common divisor of 1284 and 24?
12
Calculate the highest common factor of 434 and 2852.
62
Calculate the greatest common factor of 16985 and 79.
79
Calculate the highest common factor of 51 and 255.
51
What is the greatest common divisor of 144 and 80?
16
What is the highest common divisor of 9 and 378?
9
Calculate the highest common factor of 1470 and 45.
15
What is the greatest common factor of 130 and 160?
10
Calculate the greatest common divisor of 957 and 116.
29
What is the greatest common divisor of 2596 and 44?
44
What is the highest common divisor of 213 and 18?
3
Calculate the greatest common factor of 120 and 165.
15
What is the highest common divisor of 105 and 567?
21
What is the highest common divisor of 296 and 1036?
148
What is the greatest common factor of 234 and 162?
18
Calculate the highest common factor of 6 and 8.
2
Calculate the highest common factor of 280 and 560.
280
Calculate the highest common factor of 864 and 270.
54
What is the greatest common factor of 490 and 700?
70
What is the greatest common divisor of 426 and 781?
71
Calculate the greatest common factor of 24 and 920.
8
What is the greatest common factor of 910 and 715?
65
Calculate the highest common factor of 75 and 555.
15
What is the greatest common factor of 2847 and 39?
39
Calculate the greatest common divisor of 14 and 651.
7
Calculate the highest common divisor of 44 and 6897.
11
Calculate the greatest common factor of 21 and 105.
21
What is the hi